s divided by (-1 - -11 - 3) + i/2?
1
Let z(m) = 68*m - 1. Let v(i) = -66*i**3 + i**2 - i. Let t be v(1). Calculate the remainder when z(1) is divided by (-5)/(-10) - t/4.
16
Let m = 126 + -82. What is the remainder when m is divided by 23?
21
Let p(w) = 4*w - 86. What is the remainder when 26 is divided by p(25)?
12
Let a(k) = -3*k + 17. Let s be a(9). What is the remainder when (-705)/(-9) + 9/((-135)/s) is divided by 20?
19
Let w(q) = 2*q**2 - 141*q - 577. What is the remainder when 245 is divided by w(-4)?
17
Suppose 7*r - 17 = -5*v + 4*r, 5*v = 4*r - 11. Suppose -g = 5*g. Suppose -3*b = -o + 11, 4*o - b + g*b - 11 = 0. Calculate the remainder when o is divided by v.
0
Let l = -255 + 289. What is the remainder when 372 is divided by l?
32
What is the remainder when 127 is divided by ((-235)/(-45) - 0) + 2/(-9)?
2
Let l = 59 - 22. Calculate the remainder when l is divided by -5*1 - (-40 + 13).
15
Let l(m) = 3*m**3 + 2*m + 3. Let b be l(5). Suppose 0 = 8*w - b + 156. Calculate the remainder when 229 is divided by w.
26
Let b = 221 + 5. Let g = b - 158. Suppose g = 3*c - 10. What is the remainder when 102 is divided by c?
24
Let o(r) = r**3 + 5*r**2 - 10*r + 2. Calculate the remainder when 152 is divided by o(-5).
48
Suppose 93 + 297 = 10*c. What is the remainder when 271 is divided by c?
37
Let t(d) = -9 + 9*d + 15 + 30. Calculate the remainder when t(0) is divided by 10.
6
Let l be (-6)/(-12) + 2/(4/9). Suppose h = 5 + l. What is the remainder when 17 is divided by h?
7
Let y(t) = 5*t**2 - 6*t - 6. What is the remainder when 186 is divided by y(-2)?
4
Suppose 4*w = 3*y + 63 - 5, -5*y - 62 = -4*w. What is the remainder when ((-3)/(-6))/((-3)/(-138)) is divided by w?
10
Calculate the remainder when (-1)/(-4) - (-862)/8 is divided by -1 + 72/2 + (10 - 8).
34
Let g = 53 - 46. Suppose 4*f - g = -3*f. What is the remainder when 1 is divided by f?
0
Let a = -65 + 87. Calculate the remainder when 38 is divided by a.
16
Suppose -r + 22 = -5*k, -17*k - 28 = -r - 14*k. What is the remainder when 287 is divided by r?
28
Suppose 0*k = 5*k - 2*t - 62, -27 = -2*k + 3*t. Suppose -260 = -k*f + 88. What is the remainder when f is divided by 15?
14
Suppose -7*r + 135 = n - 12*r, -3*n - 4*r + 310 = 0. What is the remainder when n is divided by 29?
23
Let c(s) = -s**2 + 6*s + 5. Let p be c(6). Suppose -3*m = p*x - 62, -2*m = -0*x - 2*x + 12. What is the remainder when 28 is divided by x?
8
Suppose o + 447 = 481. What is the remainder when 83 is divided by o?
15
Suppose 16*z + 714 = 30*z. Suppose 6*k = 3*h + 4*k + 2, h + 24 = -4*k. Let v = h - -30. What is the remainder when z is divided by v?
25
What is the remainder when ((-2)/(-6))/((-11)/(-5082)) is divided by 31?
30
Let p(l) = -l**3 + 16*l**2 - 2*l + 41. Calculate the remainder when 13 is divided by p(16).
4
Suppose 294 = 41*g + 8*g. Calculate the remainder when 41 is divided by g.
5
Suppose 9*c - a + 1695 = 13*c, -1284 = -3*c - 5*a. Calculate the remainder when c is divided by 53.
52
Suppose -5*i = 3*c - 0*i + 14, -2*i - 2 = 3*c. Suppose 2*n = -c*s + 5 + 3, 3*s - 4*n = -23. Calculate the remainder when 23 is divided by (s - -2)/(6/36).
5
Let i = -123 + 152. Let q(u) = u + 7. What is the remainder when i is divided by q(6)?
3
Suppose 756 = 10*s - 2654. Calculate the remainder when s is divided by 50.
41
Let y(o) = -8*o**2 + 5*o - 3. Let d be y(5). Calculate the remainder when 20 is divided by d/(-14) - 2/(-7).
7
Let h = -21 - -27. Let n = h + 2. What is the remainder when 31 is divided by n?
7
Let l(v) = v**2 - 13*v + 49. What is the remainder when 77 is divided by l(5)?
5
Let v be 9/(-1*12/(-8)). Let z(j) = -j**3 + 7*j**2 - 6*j + 7. Let b = 25 - 6. Calculate the remainder when b is divided by z(v).
5
Suppose 3*a + 1 + 11 = 0. What is the remainder when 3 - 1 - (-245)/7 is divided by 2/a*4 + 22?
17
Let g = 1737 - 1437. What is the remainder when g is divided by 44?
36
Let o = 118 - -17. Suppose 4*l - 170 = j, 3*l + 6*j - o = 3*j. What is the remainder when 169 is divided by l?
40
Suppose -5 = 3*h - u - 41, -5*h + 2*u = -60. Suppose h*y - 190 = 266. What is the remainder when y is divided by 13?
12
What is the remainder when (20/25)/(2/10*2) is divided by ((-10)/(-4))/(15/12)?
0
Let m be (8/6*-3)/(-1). Suppose m*c = 3*c + 30. What is the remainder when c is divided by 7 + -6 + 8 + -1?
6
Let p(b) = 2*b**2 - 13*b - 184. What is the remainder when p(-11) is divided by 58?
27
Suppose -8*s + 628 = -4*s. Calculate the remainder when s is divided by 40.
37
Calculate the remainder when 127 is divided by 1/((-5)/(-225)) + -2.
41
Suppose -3*s + 707 = o + o, -s = 4*o - 219. What is the remainder when s is divided by 61?
56
Let f(y) = 2*y - 8. Let d(j) = 2*j - 9. Let i(r) = -5*d(r) + 6*f(r). Let x be -9*(-4 - 55/(-15)). Calculate the remainder when i(x) is divided by 3.
0
What is the remainder when 3/6 + 62/4 is divided by 15?
1
What is the remainder when ((-1)/1 - (5 - 2))*-22 is divided by 30?
28
Let y(w) = w**3 - 7*w**2 + 7*w - 8. Let f(t) = t + 11. Let r be f(-8). Suppose -4 - r = -i. Calculate the remainder when y(i) is divided by 22.
19
Let b = -84 - -190. Let z = 115 - b. What is the remainder when z is divided by 1?
0
Suppose -r = 5*j + r - 9, -5*r + 10 = 0. Calculate the remainder when 45 is divided by -2 + (j + -21)*(-5)/10.
5
Let x(i) = i**2 + 7*i + 6. Let h be x(-8). Suppose t = -3*n + h, -3*t - n + 50 = 4*n. What is the remainder when 77 is divided by t?
17
Suppose 17*o = 19*o + 24. Let d(f) = 2*f**2 + 23*f - 4. Calculate the remainder when 29 is divided by d(o).
5
Let n(k) = -18*k**2 - 3*k. Let u be n(-2). Let h = u + 94. Let f = 2689 + -2578. What is the remainder when f is divided by h?
27
Let i(n) = 2*n - 7. Let q be i(5). Suppose -w = -3*p - q*w + 17, 2*p + 10 = 4*w. Suppose -p*h = -6*h + 102. What is the remainder when h is divided by 9?
7
Suppose -4*u = -o - 395, -34*o = 2*u - 36*o - 190. Calculate the remainder when u is divided by 7.
2
Let d = -19 + 31. Suppose -71*o - 107 = -391. Calculate the remainder when d is divided by o.
0
Suppose -4*b + 4 = -2*p + p, -3*b = 4*p - 22. Suppose 3*w + k = -2*k - 156, 105 = -b*w - 3*k. Let z = 78 + w. Calculate the remainder when z is divided by 6.
3
What is the remainder when 10/3*(-81)/54 + 933 is divided by 15?
13
Suppose 12*t - 13*t = -47. Let b(s) = -23*s + 2. What is the remainder when t is divided by b(-1)?
22
Let c(m) be the third derivative of 83*m**5/60 - 11*m**2. Calculate the remainder when c(-1) is divided by 21.
20
Suppose -5*x + 190 = -19*w + 24*w, 110 = 3*x + 2*w. What is the remainder when 63 is divided by x?
29
Suppose -63 + 360 = 27*n. Suppose -2 + 10 = 4*d. Suppose -3*j + 9 = d*a, 11 = a - j - 4*j. Calculate the remainder when n is divided by a.
5
Let i(m) = m**2 - 18*m + 31. Let f = -15 + 40. Calculate the remainder when f is divided by i(17).
11
Let t be (-21)/(-14)*(-2)/(-3). Suppose 10*j = 4*j + 90. What is the remainder when (5/10)/(t/84) is divided by j?
12
Let x(l) = -l**3 + 21*l**2 - 25*l + 110. Suppose 20 = -2*p + 156. Calculate the remainder when p is divided by x(20).
8
Let o(f) = -2 + 8*f + f**3 + 7 + 5 - 5 - 6*f**2. Calculate the remainder when o(6) is divided by 28.
25
Suppose 18*n - 37 = 35. What is the remainder when 30/n*((-70)/(-21))/5 is divided by 3?
2
Let g = -6 + 20. Suppose z = -0 + g. Suppose 3*m - 2*y = 161, -65 = -m - 4*y - y. Calculate the remainder when m is divided by z.
13
Let g(z) = z**3 + 8*z**2 + 11*z - 8. Let m be g(-6). Calculate the remainder when 100 is divided by m/6 - 316/(-12).
22
Suppose 4*g = -0*g + 52. Let i be (-66)/6 - 9/(-3). Let t(z) = -6*z - 11. What is the remainder when t(i) is divided by g?
11
Let w(n) = n**3 + 12*n**2 + 49*n + 203. Suppose 5*y + 3*j - 87 - 105 = 0, -5*y + 200 = 5*j. What is the remainder when w(-8) is divided by y?
31
Let s(o) = 14*o - 8. Let d(l) = l + 16. Let u be d(-12). Let k(p) = -5*p + 3. Let b(y) = u*s(y) + 11*k(y). What is the remainder when 23 is divided by b(7)?
7
Let l be (17/4)/(2/(-8)). Let n = 4 + l. Let g = n - -15. What is the remainder when g is divided by 2?
0
Let b(k) = k**2 + 5*k + 10. Suppose -85 = 5*v - 245. Calculate the remainder when b(7) is divided by v.
30
Let a(u) = -u**2 - 12*u - 6. Let k(w) = -w**2 + 7*w - 5. Let x be k(4). Suppose 0 = d + x